culate i(-1).
0
Let y(p) = -p - 18. Let x(d) = 39*d - 47. Let t be x(1). Give y(t).
-10
Let n(x) = -x**3 - 4*x**2 + 3*x - 4. Let a(j) = j**3 - 7*j**2 - 3*j + 16. Let o be a(7). Calculate n(o).
6
Let g(l) = 3*l**3 + 2*l**2 - 4*l**3 + 18 - 7 - 5*l**2 - 9. Let z = 0 + -2. Give g(z).
-2
Let u = -8 + 7. Let j be (0 - u)/(0 + 1). Let r(y) = -y + j + 1 - 4 - 5. Determine r(-6).
-1
Let w(j) be the first derivative of j**5/60 + 3*j**4/8 + 3*j**3/2 + 3*j**2/2 + 26. Let t(i) be the second derivative of w(i). Give t(-6).
-9
Suppose 171 = 10*r - r. Let w(k) = 2*k - 39. Give w(r).
-1
Let h(b) = 6*b**2 - 21*b + 2. Let x be h(4). Let r(s) = s**3 - 13*s**2 - 15*s + 7. Calculate r(x).
-7
Let k(h) = -7*h**2 + 7*h**2 + 2*h**2 - 6*h + 3 - 3*h**2. Let p(b) = -b**2 - 7*b + 4. Let j(z) = 5*k(z) - 4*p(z). Calculate j(-2).
-1
Suppose -15*o - 41 + 11 = 0. Let t(r) = -4*r**2 + 13*r + 2. Let q(z) = -2*z**2 + 6*z + 1. Let c(d) = -9*q(d) + 4*t(d). Give c(o).
11
Suppose 5*l + 22 = -3*b, -2*b + 5*b + 2 = -l. Let o(j) = -24*j**2 - 1. Determine o(b).
-25
Let l be (-1 - -3)/((-6)/(-36)). Suppose -n + 3*h = 2*h, -h - l = -4*n. Suppose 0 = n*y + 2 + 18. Let j(b) = -b**3 - 4*b**2 + 5*b - 5. Determine j(y).
-5
Suppose -3*x + 5*m + 17 - 8 = 0, 3*m = -x + 17. Let i(n) = n**2 - 6*n - 13. Calculate i(x).
3
Let d = 434 + -430. Let v(g) be the third derivative of g**6/120 - g**5/20 - g**4/12 - 2*g**3/3 + g**2. Calculate v(d).
4
Suppose -3*i + 60 = -0*i. Let w(z) = 8*z - 293. Let r be w(37). Let n(d) = i*d - 43*d + r + 22*d. Determine n(3).
0
Let k be 6/9 - (1 - 4/3). Let b(t) = 5*t + 1. Determine b(k).
6
Let s(u) be the second derivative of -u**5/20 - 5*u**4/12 + 7*u**3/3 - 7*u**2/2 + 739*u. What is s(-7)?
-7
Let a = -6 - -9. Let d(i) = -3*i**2 - a*i + 2*i - i**3 - 2*i**2 + 0*i**3. Suppose -2*x - 5*k = 2*x + 30, 2*x + 4 = 3*k. Determine d(x).
5
Let h = -19 + 22. Let w be ((h - -2) + -8)/(1/(-2)). Let j(s) be the second derivative of -s**4/12 + s**3 + 7*s**2/2 - s. What is j(w)?
7
Let t(q) = -q**3 + 7*q**2 - 8*q + 8. Suppose 19*p + 42 = 26*p. Determine t(p).
-4
Let j(k) = k**3 - 3*k**2 + k + 2. Let l = 501 + -498. Determine j(l).
5
Let c = 82 - 80. Let f(v) be the third derivative of v**4/8 + v**3/6 - v**2. Give f(c).
7
Let w(n) = n**3 - 3*n**2 - 4*n + 8. Let z = -175 - -179. Give w(z).
8
Let r(t) = t**3 - 4*t**2 - 7*t + 4. Let v be (-5)/((-20)/(-8)) + 7. Let x(i) = i. Let y be x(v). Determine r(y).
-6
Suppose 5*f + 4*b + 2 = 0, 5*f + 7 = f - 5*b. Let w(o) = -12*o**2 - f - o**2 - 1 + 2 + 2*o. Let p = -1 + 2. Calculate w(p).
-12
Let o(r) = -r - 2. Let d(y) = y - 26. Let n be d(15). Let z(p) = -6*p - 11. Let k(x) = n*o(x) + 2*z(x). Determine k(-2).
2
Let y(o) = -o. Let d be (-4)/(-14) + (-32)/14. Let f(p) be the third derivative of -p**4/24 - 11*p**3/6 + 15*p**2. Let q(c) = d*y(c) + f(c). Give q(0).
-11
Let a(n) = n + 2*n - 5*n + n**2 - 6. Suppose -2*b + 20 = 3*b. Suppose b*s - 4*z - 20 = 0, 5*s - z - 25 = -0*z. Calculate a(s).
9
Let q(z) = 107*z**3 + 3*z - 2*z - 1 - 10*z**2 - z - 106*z**3 - z. Calculate q(10).
-11
Let c(q) = 2*q - 3. Let z = 1614 - 1618. Calculate c(z).
-11
Let j(f) = f**2 - 4*f + 3. Suppose 3*l - 5*l + 46 = 0. Let o = l + -17. Suppose 0 = -3*b + o*b - 15. What is j(b)?
8
Let q(j) = -2*j - 32*j**3 - 14 - 38*j**3 + 0*j + 68*j**3 + j. What is q(0)?
-14
Let x = -44 + 40. Let c(v) = v**2 + 5*v + 5. Let q be c(x). Let n(f) be the second derivative of 3*f**5/20 - f**4/12 + f**3/3 - f**2/2 - f. Calculate n(q).
3
Suppose 2*n + 3*d - 23 = -3*n, 5*n = 2*d + 18. Let z(v) = 10*v - 11*v + 1 - 1 - n. What is z(-7)?
3
Let a(l) = 4*l**3 + 2*l**2 + 2*l + 1. Suppose 26 = 2*w - 28*w. Calculate a(w).
-3
Let u(t) = t**3 - t**2 + 4. Let k = -507 - -510. Give u(k).
22
Let q(p) be the second derivative of p**5/20 - 5*p**4/12 + 2*p**3/3 - 3*p**2/2 + 198*p. What is q(3)?
-9
Let z(w) be the third derivative of -5*w**4/24 + 2*w**3/3 + 99*w**2. Determine z(2).
-6
Let c = 33 - 29. Let d be (4/(-7))/(c/(-14)). Let g(h) = h**3 - 3*h**2 + 3*h - 2. Give g(d).
0
Let w = -22 + 13. Let y be 6/w*(-27)/6. Let l(j) = 3 + y + 29*j - 27*j. What is l(-5)?
-4
Let n(r) be the first derivative of -1/2*r**2 - 2 - 4*r. What is n(-5)?
1
Suppose -23 = -4*k + 1. Let y(m) = -m + 1. Give y(k).
-5
Let t(a) = -6*a - 4. Let m(o) = -31*o - 17. Let x(j) = -2*m(j) + 11*t(j). What is x(7)?
-38
Let t(x) = 7*x**2 + x - 1. Suppose -2*f + 8*f + 18 = 0. Determine t(f).
59
Let f(p) be the first derivative of p**3 - p**2/2 + p - 1. Let h be f(1). Let s(l) = -l**2 + 3 + 4*l - h*l - 5*l. Calculate s(-5).
-2
Let j(r) = -r + 3. Let q = 8 + -5. Let h(w) = 8*w - 12. Let g be h(q). Suppose 2*o - 3*b + 8*b - 31 = 0, o = 3*b - g. Calculate j(o).
0
Let u(g) = g**2 + 3*g - 6. Let n = -23 + 19. Let p be u(n). Let t(d) = 1. Let q(r) = -6*r + 6. Let b(h) = q(h) - 8*t(h). Give b(p).
10
Let b = -8 - -2. Let y(q) be the first derivative of q**7/840 + q**6/60 + 5*q**4/24 + q**3/3 + 4. Let l(i) be the third derivative of y(i). What is l(b)?
5
Let w(a) = -12 - a - 9 - 6 + 21. Calculate w(-15).
9
Let t be (-8)/2*(-9)/(-6). Let d(a) = 8*a - 2 - 6*a + 3. Give d(t).
-11
Let r(k) be the first derivative of -k**2/2 + 186. Determine r(-4).
4
Let n(y) = -2*y + 3. Let b(r) = -17*r - 8. Let h(k) = -b(k) - 3*n(k). Calculate h(-1).
-24
Let l(b) = -2*b**3 + b**2 + 2*b - 2. Let y(f) = 4*f**2 + 5*f - 4. Let j be y(-2). Give l(j).
-10
Let v(j) = j + 4. Suppose 5*l - 18 = 7. Suppose -3*i - 32 = -4*q, 0 = i + i + 8. Suppose q*d + 22 = -3*p, -3*d = -7*d - l*p - 15. Give v(d).
-1
Let h(y) be the second derivative of y**6/240 + y**5/40 - 11*y**4/12 - 5*y. Let l(x) be the third derivative of h(x). Determine l(-2).
-3
Let c(z) = -z**3 + 7*z**2 - 5*z + 3. Suppose 0 = 2*f - 14*f + 72. Determine c(f).
9
Let l = 14 - 10. Let g(d) = d - l + 0*d + 4. Determine g(3).
3
Let n(h) be the third derivative of h**6/120 + h**5/15 - 5*h**4/24 - 5*h**3/6 - 11*h**2. Suppose -5 = 2*p - p. Give n(p).
-5
Let g = 2 + 1. Let s = 14 + -12. Suppose g*v = 2*v - s. Let u(d) = -d**3 - 2*d**2 - 3*d. Calculate u(v).
6
Let o be 1 + ((-36)/(-17) - 2 - (-1190)/(-289)). Let u(z) be the third derivative of -z**5/30 - z**4/24 - z**3/2 - z**2. Determine u(o).
-18
Suppose 13*g = 17*g + 16. Let z be (2/g)/((-1)/(-10)). Let t(c) = -c**3 - 4*c**2 + 4*c + 5. Calculate t(z).
10
Let g = -161 - -164. Let j = -1 - -3. Let f(i) = i - j - g + 1. Calculate f(2).
-2
Let y be 6/(-4) + (-27)/(-6). Let o(j) = -2*j**2 - 1 - 5*j - j**2 + 4*j**2 + y*j. Suppose -4*z = -t - t - 4, -3*z - 4*t + 25 = 0. Give o(z).
2
Let o(u) = -3*u**3 - 4*u**2 + 47*u + 92. Let r be o(-2). Let y(d) = -3*d**2 + 16*d - 8. Calculate y(r).
-20
Let p be 24/(-9) + 2/(-6). Let m(r) be the third derivative of -1/8*r**4 + 0 + 18*r**2 + 1/3*r**3 + 0*r - 1/60*r**5. Determine m(p).
2
Suppose -34*q = -40*q + 48. Let l(h) = -2*h - 5. Let s(k) be the first derivative of 3*k**2/2 + 4*k + 1. Let t(x) = -4*l(x) - 3*s(x). Calculate t(q).
0
Let d(t) = -2*t + 27. Suppose -57*x - 216 = -75*x. Calculate d(x).
3
Let s(g) = 11*g - 397. Let v be s(35). Let l(n) = -n**2 - 12*n - 14. Determine l(v).
-14
Let d = 22 + -20. Let g(l) = -3*l**2 - d*l + 3*l - 5*l + 5 + 4*l**2. Suppose -30 = -q - 5*h - 5, 4*h - 31 = -3*q. Calculate g(q).
10
Let s(g) = -2*g**2 + 6*g - 1. Let z be (3/15 - (-2)/(-10))/2. Suppose z*v = -3*v + j + 16, 4*v = -2*j + 8. Calculate s(v).
-9
Let u(a) = -a**2 + a + 1. Let p(w) = 7 + 4*w**2 + 10*w + 5*w**2 - w**3 + 4*w. Let k(f) = p(f) - 2*u(f). Calculate k(12).
5
Let t(m) = m**2 + 2*m - 6. Let y(j) = -4*j**2 - 7*j + 25. Let p(u) = 9*t(u) + 2*y(u). Give p(-4).
-4
Let s(o) be the second derivative of 0 - 4*o + 3*o**2 - 1/6*o**3. Let t be s(6). Let j(b) = b + 4. Calculate j(t).
4
Let r be (-10)/(-45)*-6*-3. Suppose 3*z = 5*f - 16, -z + 1 = 2*f - r*z. Let w(i) = -i**2 + 4*i + 7. What is w(f)?
2
Let x(n) = n - 3. Let w be x(6). Let o(s) = -3 - s + 3 - 3*s**2 - s**w. Suppose -21*r + 12*r - 27 = 0. Determine o(r).
3
Let v(m) = -5*m + 1. Let t(z) be the third derivative of 0*z - 4*z**2 + 0*z**3 + 0 + 1/24*z**4. Let f(o) = t(o) - v(o). Give f(1).
5
Let j(v) = -2*v**2 + 8*v - 2. Suppose -4*z = -4*a + 24, -6*a - z = -a - 30. Determine j(a).
-26
Let k(b) = 293*b - 4 - 573*b + 289*b. Determine k(3).
23
Let b(l) = 6*l + 18. Let m(a) = -112*a + 332. Let n be m(3). Determine b(n).